 4320304 - 0?
4320304
In base 4, what is 20120 + -1102110111?
-1102023331
In base 14, what is c7ca2b9 + 3?
c7ca2bc
In base 13, what is 6a104a6b + -3?
6a104a68
In base 8, what is 312166 + 2733?
315121
In base 2, what is -1110110111010001110 - -1011?
-1110110111010000011
In base 4, what is 123023 - -1033003?
1222032
In base 5, what is -104040033 - -3121?
-104031412
In base 14, what is 1 + 3d300c6?
3d300c7
In base 3, what is -2010210210 - 110122?
-2011021102
In base 8, what is 21 + 35305002?
35305023
In base 12, what is 2612b48 + 0?
2612b48
In base 16, what is 4 - -172776?
17277a
In base 16, what is -3 - 751ab?
-751ae
In base 12, what is -21789 - 53?
-21820
In base 4, what is 21232123012322 + 10?
21232123012332
In base 3, what is -1110101202 + -1000011?
-1111101220
In base 15, what is 6d895 + -99d?
6cde7
In base 5, what is 4 + -4443121314?
-4443121310
In base 13, what is 15 - -101cb?
10213
In base 13, what is -21074 - -809?
-20568
In base 10, what is 551721 - 18?
551703
In base 4, what is 1300 - 211300103300?
-211300102000
In base 11, what is 7166 - 44?
7122
In base 16, what is 5614 + -8672?
-305e
In base 4, what is 2 - -2322210332?
2322211000
In base 6, what is -3423321 - 11?
-3423332
In base 9, what is -2675078 + 3?
-2675075
In base 3, what is -1012012021 + 212100?
-1011022221
In base 9, what is 8331531 + 0?
8331531
In base 5, what is -144413020 - -24220?
-144333300
In base 8, what is 43020704 + -130?
43020554
In base 15, what is -2c - -763b7?
7638a
In base 7, what is 652136632 + -1?
652136631
In base 6, what is 21323040 - -1?
21323041
In base 10, what is -535350 - 218?
-535568
In base 6, what is 3115131 + 30?
3115201
In base 2, what is 111110100100000000001 + 1011?
111110100100000001100
In base 7, what is -1 - -11323621?
11323620
In base 7, what is 4 + -103243142?
-103243135
In base 10, what is 35 - -907416?
907451
In base 4, what is -1 + 11202020332?
11202020331
In base 4, what is 11310001 + 1301?
11311302
In base 2, what is 101000001 + 100100101111101111?
100100110100110000
In base 4, what is 11202033111 + 30?
11202033201
In base 15, what is -112d35 - -2e?
-112d06
In base 5, what is 13 + -103301333?
-103301320
In base 6, what is -14303245 - 12?
-14303301
In base 12, what is -1 - 5261b837?
-5261b838
In base 8, what is -1 - 15464077?
-15464100
In base 11, what is 142a3 - -4?
142a7
In base 3, what is -1120 - -1212012020212?
1212012012022
In base 11, what is a64 + -2393?
-142a
In base 6, what is -12 - 32012511?
-32012523
In base 5, what is -4241331342 + 14?
-4241331323
In base 13, what is -181673 + 33?
-181640
In base 11, what is 7925854 - 4?
7925850
In base 13, what is 15828 + 18a?
159b5
In base 3, what is -211110121202 + -110102?
-211111002011
In base 9, what is 8143603 - -11?
8143614
In base 15, what is -e2aee1 - -2?
-e2aede
In base 6, what is 3354 - 30310?
-22512
In base 6, what is -15152413 - -1254?
-15151115
In base 3, what is -1 - -101121201122000212?
101121201122000211
In base 3, what is -2 + -2202020012201001?
-2202020012201010
In base 5, what is -131443 - 130?
-132123
In base 14, what is 44028 + -1db?
43c2b
In base 12, what is 1 + 73b337?
73b338
In base 15, what is b90 - -7aa?
144a
In base 13, what is -2 - -65890ab?
65890a9
In base 2, what is 0 + 10101010110011010101101?
10101010110011010101101
In base 13, what is -602 - -1074?
772
In base 14, what is 2d - 1323bc?
-13238d
In base 4, what is -11 - 2232110003?
-2232110020
In base 4, what is -10 - 220100201030?
-220100201100
In base 15, what is ec9 - -d687?
e661
In base 3, what is 1020221110 + 1111001?
1022102111
In base 16, what is 5 + 445e3b?
445e40
In base 13, what is -572b + -1108?
-6836
In base 7, what is -4240 + -10561321?
-10565561
In base 2, what is -1001001100 + 10000001?
-111001011
In base 10, what is 2 + -29280690?
-29280688
In base 16, what is -1b7f7 + -4b?
-1b842
In base 5, what is 3 - 2413240101?
-2413240043
In base 7, what is -16103412 - -2?
-16103410
In base 4, what is -11 + 3321130103?
3321130032
In base 12, what is -3 + 106a496?
106a493
In base 8, what is 332 - 25676?
-25344
In base 7, what is -2 - 10536262?
-10536264
In base 10, what is -10969 - 42326?
-53295
In base 8, what is -3 + 34176546?
34176543
In base 14, what is -2abab7 + -1b?
-2abad4
In base 10, what is 19 - 1406458?
-1406439
In base 2, what is -11111101110110011000010000 + 100?
-11111101110110011000001100
In base 12, what is -778125a + 2?
-7781258
In base 5, what is 220003244 + -132?
220003112
In base 4, what is 0 + 122133001200?
122133001200
In base 5, what is 3 + -1122232404044?
-1122232404041
In base 14, what is -2 + 133447ca?
133447c8
In base 14, what is 99 + -2a048?
-29d8d
In base 3, what is 1221102020111000 - 0?
1221102020111000
In base 11, what is 0 - -473218?
473218
In base 15, what is -a + -1aa694?
-1aa69e
In base 11, what is 0 + -1871a28?
-1871a28
In base 3, what is -211010212112212 - -2?
-211010212112210
In base 16, what is -559fa - 2?
-559fc
In base 6, what is 331 + 35022102?
35022433
In base 16, what is 1c870033 - 3?
1c870030
In base 6, what is 1210 - -13542251?
13543501
In base 8, what is 4 - 2516321?
-2516315
In base 8, what is -631373 - 4010?
-635403
In base 5, what is -1043 - -223033?
221440
In base 14, what is 1a038 + 494?
1a4cc
In base 3, what is 1 - -2122012122?
2122012200
In base 6, what is -131152 + 11201?
-115551
In base 8, what is -4534 + -5173?
-11727
In base 12, what is -30ab386 - -10?
-30ab376
In base 15, what is -113 - 9cc2?
-9dd5
In base 16, what is -5 + 1281a7e?
1281a79
In base 8, what is 5 - -21367566?
21367573
In base 4, what is -23 + -30133011011?
-30133011100
In base 5, what is -3443001 + -4321?
-4002322
In base 6, what is -3011 + 153?
-2414
In base 5, what is 1202101 + 1134?
1203240
In base 14, what is -4c9 - -1a244?
19b59
In base 5, what is 1101 + 32441130?
32442231
In base 14, what is -a + -168c695?
-168c6a1
In base 6, what is -44125104521 - -3?
-44125104514
In base 7, what is -210213 + 416?
-206464
In base 12, what is 1686 - -358?
1a22
In base 11, what is -7 + 475807a?
4758073
In base 13, what is 16 - -257b7a0?
257b7b6
In base 8, what is 5045 - -51445?
56512
In base 14, what is 0 + -72aa4?
-72aa4
In base 14, what is d476 - c2a?
c64a
In base 6, what is -4040 + 11500440?
11452400
In base 5, what is 410 + -24024103?
-24023143
In base 16, what is -14a0c5 - -17?
-14a0ae
In base 11, what is 5 + -2211688?
-2211683
In base 6, what is -3212033 + -11333?
-3223410
In base 10, what is 27746156 + 1?
27746157
In base 14, what is 0 - -6b6ddda?
6b6ddda
In base 9, what is 1270582 - 173?
1270408
In base 7, what is -261442 - 6062?
-300534
In base 8, what is 200 + -625632?
-625432
In base 8, what is 2641 + 27626?
32467
In base 8, what is -2 + 17376227?
17376225
In base 2, what is 100 + 10101110001100010110000111?
10101110001100010110001011
In base 9, what is -2517617 + 252?
-2517355
In base 12, what is -7 - 118607?
-118612
In base 10, what is -98726 - 75?
-98801
In base 7, what is -51556023 - 10?
-51556033
In base 3, what is 12 - 112012120000011121?
-112012120000011102
In base 15, what is 9714 + -1134?
85d0
In base 15, what is -a63577b - -5?
-a635776
In base 15, what is 103b - -13e?
117a
In base 2, what is 0 - 100011111101110110011?
-100011111101110110011
In base 8, what is 521163 + 74?
521257
In base 14, what is -7c + -6320a8?
-632146
In base 15, what is 8 - -2bb086?
2bb08e
In base 6, what is 2 + 2231013250?
2231013252
In base 11, what is -846 - 13969?
-14704
In base 2, what is -11 + -10100110001010101001011110?
-10100110001010101001100001
In base 16, what is 4 + 115aca0?
115aca4
In base 15, what is 4 - -c87d51?
c87d55
In base 13, what is 5 + -7137b8?
-7137b3
In base 3, what is 1020 - 1120102011010?
-1120102002220
In base 5, what is 22 + 1042440120?
1042440142
In base 14, what is 152405 + 97?
15249c
In base 6, what is -254041322 - -2?
-254041320
In base 13, what is -c + -454b33a?
-454b349
In base 8, what is -1 - 252?
-253
In base 10, what is -84894 - -916?
-83978
In base 10, what is 2085 + -146142?
-144057
In base 16, what is -33188c + -10?
-33189c
In base 16, what is a - -15e848f?
15e8499
In base 3, what is 2202 + -1020221002100?
-1020220222121
In base 7, what is 243 - 11206524?
-11206251
In base 6, what is 51 + 533303350?
533303441
In base 16, what is -10 + -1311f8?
-131208
In base 9